y 106.
92
What is the remainder when 322 is divided by 93?
43
What is the remainder when 691 is divided by 116?
111
What is the remainder when 138 is divided by 13?
8
What is the remainder when 95 is divided by 8?
7
What is the remainder when 987 is divided by 10?
7
Calculate the remainder when 1454 is divided by 181.
6
What is the remainder when 207 is divided by 25?
7
Calculate the remainder when 210 is divided by 198.
12
What is the remainder when 108 is divided by 28?
24
Calculate the remainder when 264 is divided by 19.
17
What is the remainder when 120 is divided by 51?
18
Calculate the remainder when 224 is divided by 61.
41
What is the remainder when 1497 is divided by 19?
15
Calculate the remainder when 22 is divided by 18.
4
What is the remainder when 123 is divided by 37?
12
Calculate the remainder when 27 is divided by 7.
6
What is the remainder when 304 is divided by 7?
3
What is the remainder when 133 is divided by 44?
1
Calculate the remainder when 315 is divided by 46.
39
What is the remainder when 63 is divided by 20?
3
What is the remainder when 223 is divided by 58?
49
Calculate the remainder when 60 is divided by 13.
8
What is the remainder when 514 is divided by 177?
160
Calculate the remainder when 65 is divided by 26.
13
What is the remainder when 1466 is divided by 138?
86
Calculate the remainder when 793 is divided by 131.
7
Calculate the remainder when 475 is divided by 24.
19
What is the remainder when 73 is divided by 11?
7
Calculate the remainder when 19921 is divided by 29.
27
Calculate the remainder when 92 is divided by 10.
2
Calculate the remainder when 108 is divided by 50.
8
Calculate the remainder when 464 is divided by 20.
4
What is the remainder when 136 is divided by 82?
54
What is the remainder when 47 is divided by 14?
5
Calculate the remainder when 4138 is divided by 180.
178
Calculate the remainder when 177 is divided by 26.
21
Calculate the remainder when 38 is divided by 22.
16
Calculate the remainder when 436 is divided by 74.
66
Calculate the remainder when 738 is divided by 106.
102
Calculate the remainder when 707 is divided by 689.
18
Calculate the remainder when 127 is divided by 67.
60
Calculate the remainder when 93 is divided by 38.
17
What is the remainder when 162 is divided by 20?
2
Calculate the remainder when 67 is divided by 27.
13
Calculate the remainder when 928 is divided by 312.
304
What is the remainder when 26 is divided by 11?
4
Calculate the remainder when 374 is divided by 75.
74
What is the remainder when 1194 is divided by 77?
39
What is the remainder when 329 is divided by 37?
33
What is the remainder when 140 is divided by 71?
69
What is the remainder when 232 is divided by 74?
10
Calculate the remainder when 221 is divided by 10.
1
Calculate the remainder when 629 is divided by 21.
20
Calculate the remainder when 107 is divided by 55.
52
What is the remainder when 170 is divided by 119?
51
What is the remainder when 59 is divided by 6?
5
Calculate the remainder when 529 is divided by 7.
4
Calculate the remainder when 104 is divided by 89.
15
What is the remainder when 120 is divided by 50?
20
Calculate the remainder when 573 is divided by 117.
105
What is the remainder when 970 is divided by 481?
8
What is the remainder when 473 is divided by 1?
0
What is the remainder when 125 is divided by 43?
39
Calculate the remainder when 106 is divided by 60.
46
What is the remainder when 42 is divided by 4?
2
What is the remainder when 18 is divided by 6?
0
What is the remainder when 45 is divided by 12?
9
Calculate the remainder when 4443 is divided by 1108.
11
What is the remainder when 2926 is divided by 71?
15
Calculate the remainder when 8136 is divided by 10.
6
What is the remainder when 1162 is divided by 306?
244
What is the remainder when 1674 is divided by 43?
40
What is the remainder when 2236 is divided by 32?
28
Calculate the remainder when 245 is divided by 8.
5
What is the remainder when 4642 is divided by 12?
10
What is the remainder when 16522 is divided by 153?
151
What is the remainder when 398 is divided by 43?
11
Calculate the remainder when 833 is divided by 34.
17
What is the remainder when 541 is divided by 30?
1
What is the remainder when 82 is divided by 13?
4
Calculate the remainder when 267 is divided by 53.
2
What is the remainder when 73 is divided by 14?
3
What is the remainder when 1570 is divided by 12?
10
What is the remainder when 563 is divided by 71?
66
What is the remainder when 96 is divided by 7?
5
What is the remainder when 3059 is divided by 341?
331
Calculate the remainder when 282 is divided by 13.
9
What is the remainder when 293 is divided by 94?
11
Calculate the remainder when 71 is divided by 4.
3
What is the remainder when 208 is divided by 19?
18
Calculate the remainder when 111 is divided by 6.
3
What is the remainder when 670 is divided by 28?
26
Calculate the remainder when 480 is divided by 142.
54
What is the remainder when 178 is divided by 10?
8
What is the remainder when 715 is divided by 159?
79
Calculate the remainder when 183 is divided by 172.
11
Calculate the remainder when 88 is divided by 63.
25
Calculate the remainder when 22 is divided by 17.
5
What is the remainder when 652 is divided by 80?
12
What is the remainder when 172 is divided by 50?
22
What is the remainder when 953 is divided by 7?
1
What is the remainder when 251 is divided by 65?
56
What is the remainder when 399 is divided by 13?
9
What is the remainder when 99 is divided by 38?
23
Calculate the remainder when 12312 is divided by 111.
102
What is the remainder when 47 is divided by 13?
8
Calculate the remainder when 115 is divided by 87.
28
What is the remainder when 3561 is divided by 132?
129
What is the remainder when 21007 is divided by 8?
7
Calculate the remainder when 347 is divided by 200.
147
What is the remainder when 802 is divided by 67?
65
Calculate the remainder when 931 is divided by 182.
21
Calculate the remainder when 54 is divided by 12.
6
What is the remainder when 314 is divided by 45?
44
Calculate the remainder when 113 is divided by 33.
14
What is the remainder when 266 is divided by 52?
6
What is the remainder when 140 is divided by 31?
16
What is the remainder when 699 is divided by 28?
27
Calculate the remainder when 1402 is divided by 39.
37
Calculate the remainder when 24 is divided by 11.
2
What is the remainder when 46 is divided by 28?
18
Calculate the remainder when 123 is divided by 7.
4
Calculate the remainder when 201 is divided by 21.
12
Calculate the remainder when 90 is divided by 34.
22
What is the remainder when 15482 is divided by 158?
156
What is the remainder when 768 is divided by 376?
16
What is the remainder when 13096 is divided by 118?
116
What is the remainder when 132 is divided by 108?
24
Calculate the remainder when 874 is divided by 16.
10
What is the remainder when 74 is divided by 23?
5
Calculate the remainder when 103 is divided by 36.
31
What is the remainder when 239 is divided by 35?
29
What is the remainder when 439 is divided by 8?
7
Calculate the remainder when 1040 is divided by 6.
2
What is the remainder when 246 is divided by 37?
24
Calculate the remainder when 638 is divided by 160.
158
Calculate the remainder when 406 is divided by 34.
32
Calculate the remainder when 329 is divided by 74.
33
Calculate the remainder when 1352 is divided by 17.
9
Calculate the remainder when 115 is divided by 29.
28
What is the remainder when 118 is divided by 53?
12
What is the remainder when 1084 is divided by 17?
13
What is the remainder when 795 is divided by 221?
132
Calculate the remainder when 1107 is divided by 10.
7
Calculate the remainder when 7558 is divided by 20.
18
What is the remainder when 426 is divided by 85?
1
Calculate the remainder when 615 is divided by 284.
47
Calculate the remainder when 372 is divided by 25.
22
What is the remainder when 243 is divided by 51?
39
What is the remainder when 816 is divided by 319?
178
Calculate the remainder when 377 is divided by 18.
17
What is the remainder when 227 is divided by 26?
19
Calculate the remainder when 3672 is divided by 105.
102
Calculate the remainder when 847 is divided by 785.
62
What is the remainder when 232 is divided by 60